{"id":1494,"date":"2023-03-24T22:16:41","date_gmt":"2023-03-24T21:16:41","guid":{"rendered":"https:\/\/productwhys.org\/?page_id=1494"},"modified":"2023-03-24T22:16:43","modified_gmt":"2023-03-24T21:16:43","slug":"fiche-de-poste-product-owner","status":"publish","type":"page","link":"https:\/\/productwhys.org\/index.php\/fiche-de-poste-product-owner\/","title":{"rendered":"Fiche de poste : Product Owner"},"content":{"rendered":"\n<div class=\"wp-block-columns is-layout-flex wp-container-core-columns-is-layout-9d6595d7 wp-block-columns-is-layout-flex\">\n<div class=\"wp-block-column has-light-green-cyan-background-color has-text-color has-background has-link-color wp-elements-77bcb76fc7809df15c44d8b01de783f8 is-layout-flow wp-block-column-is-layout-flow\" style=\"color:#000000;padding-top:2em;padding-right:2em;padding-bottom:2em;padding-left:2em\">\n<h2 class=\"wp-block-heading\" id=\"single\" style=\"font-size:40px\"><strong>Product Owner<\/strong><\/h2>\n\n\n\n<p class=\"has-normal-font-size\" style=\"line-height:1.5\"><strong>Le r\u00f4le du Product Owner est de repr\u00e9senter les besoins des utilisateurs et des parties prenantes pour le d\u00e9veloppement d&rsquo;un produit. Le Product Owner travaille en \u00e9troite collaboration avec le Product Manager (si ce n&rsquo;est pas lui-m\u00eame) et l&rsquo;\u00e9quipe Scrum pour maximiser la valeur livr\u00e9e \u00e0 chaque sprint. <\/strong><\/p>\n\n\n\n<p class=\"has-normal-font-size\" style=\"line-height:1.5\"><strong>Son r\u00f4le est partag\u00e9 entre Discovery et Delivery.<\/strong><\/p>\n\n\n\n<hr class=\"wp-block-separator has-text-color has-css-opacity has-background is-style-wide\" style=\"background-color:#000000;color:#000000\"\/>\n\n\n\n<p>Les responsabilit\u00e9s du Product Owner dans le Discovery sont :<\/p>\n\n\n\n<ul class=\"wp-block-list\">\n<li>S&rsquo;approprier l&rsquo;ensemble des Product Requirement Documents r\u00e9dig\u00e9s par le Product Manager et ses contributeurs (architect, designer, etc.)<\/li>\n\n\n\n<li>R\u00e9diger les Product Backlog Items (User Stories, Technical Stories, Spikes, Bug fixes, etc.) \u00e0 fournir en phase de Delivery, et s\u2019assurer de la cr\u00e9ation et la maintenance de la documentation interne du produit (documents d\u2019architecture, experience map, etc.).<\/li>\n\n\n\n<li>Analyser les commentaires des clients, les tendances du march\u00e9 et les donn\u00e9es pour am\u00e9liorer en continu le produit<\/li>\n\n\n\n<li>\u00catre responsable de la gestion des risques li\u00e9s au d\u00e9veloppement de produits<\/li>\n<\/ul>\n\n\n\n<p>Les responsabilit\u00e9s du Product Owner dans le Delivery sont :<\/p>\n\n\n\n<ul class=\"wp-block-list\">\n<li>Assurer que le produit r\u00e9ponde aux exigences des clients et soit livr\u00e9 dans les d\u00e9lais, dans le budget et avec une qualit\u00e9 \u00e9lev\u00e9e<\/li>\n\n\n\n<li>Compl\u00e9ter les Product Backlog Items avec les crit\u00e8res d&rsquo;acceptation (crit\u00e8res testables de qualit\u00e9), conjointement avec la QA<\/li>\n\n\n\n<li>Int\u00e9grer les documentations design (Exp\u00e9rience et interface) dans les Product Backlog Items<\/li>\n\n\n\n<li>Prioriser et g\u00e9rer le backlog du produit, en veillant \u00e0 l&rsquo;alignement sur la feuille de route du produit<\/li>\n\n\n\n<li>Animer les sessions de refinement qui permettent de d\u00e9risquer la faisabilit\u00e9 de ce qu&rsquo;il est pr\u00e9vu de r\u00e9aliser<\/li>\n\n\n\n<li>Collaborer avec l&rsquo;\u00e9quipe de d\u00e9veloppement pour livrer des incr\u00e9ments et des versions de produits de haute qualit\u00e9<\/li>\n\n\n\n<li>Communiquer clairement les besoins et les priorit\u00e9s de d\u00e9veloppement \u00e0 l&rsquo;\u00e9quipe Scrum<\/li>\n\n\n\n<li>S&rsquo;assurer que l&rsquo;\u00e9quipe Scrum a une compr\u00e9hension claire des objectifs et des exigences du produit<\/li>\n\n\n\n<li>Assurer la pertinence des fonctionnalit\u00e9s d\u00e9velopp\u00e9es<\/li>\n<\/ul>\n\n\n\n<div class=\"wp-block-buttons alignfull is-horizontal is-content-justification-center is-layout-flex wp-container-core-buttons-is-layout-499968f5 wp-block-buttons-is-layout-flex\"><\/div>\n<\/div>\n<\/div>\n","protected":false},"excerpt":{"rendered":"<p>Product Owner Le r\u00f4le du Product Owner est de repr\u00e9senter les besoins des utilisateurs et des parties prenantes pour le d\u00e9veloppement d&rsquo;un produit. Le Product Owner travaille en \u00e9troite collaboration avec le Product Manager (si ce n&rsquo;est pas lui-m\u00eame) et l&rsquo;\u00e9quipe Scrum pour maximiser la valeur livr\u00e9e \u00e0 chaque sprint. Son r\u00f4le est partag\u00e9 entre [&hellip;]<\/p>\n","protected":false},"author":2,"featured_media":0,"parent":0,"menu_order":0,"comment_status":"closed","ping_status":"closed","template":"","meta":{"tdm_status":"","tdm_grid_status":"","footnotes":""},"class_list":["post-1494","page","type-page","status-publish"],"yoast_head":"<!-- This site is optimized with the Yoast SEO plugin v27.4 - https:\/\/yoast.com\/product\/yoast-seo-wordpress\/ -->\n<title>Fiche de poste : Product Owner - Product Whys - Association loi 1901<\/title>\n<meta name=\"robots\" content=\"index, follow, max-snippet:-1, max-image-preview:large, max-video-preview:-1\" \/>\n<link rel=\"canonical\" href=\"https:\/\/productwhys.org\/index.php\/fiche-de-poste-product-owner\/\" \/>\n<meta property=\"og:locale\" content=\"fr_FR\" \/>\n<meta property=\"og:type\" content=\"article\" \/>\n<meta property=\"og:title\" content=\"Fiche de poste : Product Owner - Product Whys - Association loi 1901\" \/>\n<meta property=\"og:description\" content=\"Product Owner Le r\u00f4le du Product Owner est de repr\u00e9senter les besoins des utilisateurs et des parties prenantes pour le d\u00e9veloppement d&rsquo;un produit. Le Product Owner travaille en \u00e9troite collaboration avec le Product Manager (si ce n&rsquo;est pas lui-m\u00eame) et l&rsquo;\u00e9quipe Scrum pour maximiser la valeur livr\u00e9e \u00e0 chaque sprint. Son r\u00f4le est partag\u00e9 entre [&hellip;]\" \/>\n<meta property=\"og:url\" content=\"https:\/\/productwhys.org\/index.php\/fiche-de-poste-product-owner\/\" \/>\n<meta property=\"og:site_name\" content=\"Product Whys - Association loi 1901\" \/>\n<meta property=\"article:modified_time\" content=\"2023-03-24T21:16:43+00:00\" \/>\n<meta name=\"twitter:card\" content=\"summary_large_image\" \/>\n<meta name=\"twitter:label1\" content=\"Dur\u00e9e de lecture estim\u00e9e\" \/>\n\t<meta name=\"twitter:data1\" content=\"2 minutes\" \/>\n<script type=\"application\/ld+json\" class=\"yoast-schema-graph\">{\"@context\":\"https:\\\/\\\/schema.org\",\"@graph\":[{\"@type\":\"WebPage\",\"@id\":\"https:\\\/\\\/productwhys.org\\\/index.php\\\/fiche-de-poste-product-owner\\\/\",\"url\":\"https:\\\/\\\/productwhys.org\\\/index.php\\\/fiche-de-poste-product-owner\\\/\",\"name\":\"Fiche de poste : Product Owner - Product Whys - Association loi 1901\",\"isPartOf\":{\"@id\":\"https:\\\/\\\/productwhys.org\\\/#website\"},\"datePublished\":\"2023-03-24T21:16:41+00:00\",\"dateModified\":\"2023-03-24T21:16:43+00:00\",\"breadcrumb\":{\"@id\":\"https:\\\/\\\/productwhys.org\\\/index.php\\\/fiche-de-poste-product-owner\\\/#breadcrumb\"},\"inLanguage\":\"fr-FR\",\"potentialAction\":[{\"@type\":\"ReadAction\",\"target\":[\"https:\\\/\\\/productwhys.org\\\/index.php\\\/fiche-de-poste-product-owner\\\/\"]}]},{\"@type\":\"BreadcrumbList\",\"@id\":\"https:\\\/\\\/productwhys.org\\\/index.php\\\/fiche-de-poste-product-owner\\\/#breadcrumb\",\"itemListElement\":[{\"@type\":\"ListItem\",\"position\":1,\"name\":\"Accueil\",\"item\":\"https:\\\/\\\/productwhys.org\\\/\"},{\"@type\":\"ListItem\",\"position\":2,\"name\":\"Fiche de poste : Product Owner\"}]},{\"@type\":\"WebSite\",\"@id\":\"https:\\\/\\\/productwhys.org\\\/#website\",\"url\":\"https:\\\/\\\/productwhys.org\\\/\",\"name\":\"Product Whys - Association loi 1901\",\"description\":\"\",\"publisher\":{\"@id\":\"https:\\\/\\\/productwhys.org\\\/#organization\"},\"potentialAction\":[{\"@type\":\"SearchAction\",\"target\":{\"@type\":\"EntryPoint\",\"urlTemplate\":\"https:\\\/\\\/productwhys.org\\\/?s={search_term_string}\"},\"query-input\":{\"@type\":\"PropertyValueSpecification\",\"valueRequired\":true,\"valueName\":\"search_term_string\"}}],\"inLanguage\":\"fr-FR\"},{\"@type\":\"Organization\",\"@id\":\"https:\\\/\\\/productwhys.org\\\/#organization\",\"name\":\"Product Whys - Association loi 1901\",\"url\":\"https:\\\/\\\/productwhys.org\\\/\",\"logo\":{\"@type\":\"ImageObject\",\"inLanguage\":\"fr-FR\",\"@id\":\"https:\\\/\\\/productwhys.org\\\/#\\\/schema\\\/logo\\\/image\\\/\",\"url\":\"https:\\\/\\\/i0.wp.com\\\/productwhys.org\\\/wp-content\\\/uploads\\\/2022\\\/08\\\/cropped-logov2-site.png?fit=212%2C97&ssl=1\",\"contentUrl\":\"https:\\\/\\\/i0.wp.com\\\/productwhys.org\\\/wp-content\\\/uploads\\\/2022\\\/08\\\/cropped-logov2-site.png?fit=212%2C97&ssl=1\",\"width\":212,\"height\":97,\"caption\":\"Product Whys - Association loi 1901\"},\"image\":{\"@id\":\"https:\\\/\\\/productwhys.org\\\/#\\\/schema\\\/logo\\\/image\\\/\"}}]}<\/script>\n<!-- \/ Yoast SEO plugin. -->","yoast_head_json":{"title":"Fiche de poste : Product Owner - Product Whys - Association loi 1901","robots":{"index":"index","follow":"follow","max-snippet":"max-snippet:-1","max-image-preview":"max-image-preview:large","max-video-preview":"max-video-preview:-1"},"canonical":"https:\/\/productwhys.org\/index.php\/fiche-de-poste-product-owner\/","og_locale":"fr_FR","og_type":"article","og_title":"Fiche de poste : Product Owner - Product Whys - Association loi 1901","og_description":"Product Owner Le r\u00f4le du Product Owner est de repr\u00e9senter les besoins des utilisateurs et des parties prenantes pour le d\u00e9veloppement d&rsquo;un produit. Le Product Owner travaille en \u00e9troite collaboration avec le Product Manager (si ce n&rsquo;est pas lui-m\u00eame) et l&rsquo;\u00e9quipe Scrum pour maximiser la valeur livr\u00e9e \u00e0 chaque sprint. Son r\u00f4le est partag\u00e9 entre [&hellip;]","og_url":"https:\/\/productwhys.org\/index.php\/fiche-de-poste-product-owner\/","og_site_name":"Product Whys - Association loi 1901","article_modified_time":"2023-03-24T21:16:43+00:00","twitter_card":"summary_large_image","twitter_misc":{"Dur\u00e9e de lecture estim\u00e9e":"2 minutes"},"schema":{"@context":"https:\/\/schema.org","@graph":[{"@type":"WebPage","@id":"https:\/\/productwhys.org\/index.php\/fiche-de-poste-product-owner\/","url":"https:\/\/productwhys.org\/index.php\/fiche-de-poste-product-owner\/","name":"Fiche de poste : Product Owner - Product Whys - Association loi 1901","isPartOf":{"@id":"https:\/\/productwhys.org\/#website"},"datePublished":"2023-03-24T21:16:41+00:00","dateModified":"2023-03-24T21:16:43+00:00","breadcrumb":{"@id":"https:\/\/productwhys.org\/index.php\/fiche-de-poste-product-owner\/#breadcrumb"},"inLanguage":"fr-FR","potentialAction":[{"@type":"ReadAction","target":["https:\/\/productwhys.org\/index.php\/fiche-de-poste-product-owner\/"]}]},{"@type":"BreadcrumbList","@id":"https:\/\/productwhys.org\/index.php\/fiche-de-poste-product-owner\/#breadcrumb","itemListElement":[{"@type":"ListItem","position":1,"name":"Accueil","item":"https:\/\/productwhys.org\/"},{"@type":"ListItem","position":2,"name":"Fiche de poste : Product Owner"}]},{"@type":"WebSite","@id":"https:\/\/productwhys.org\/#website","url":"https:\/\/productwhys.org\/","name":"Product Whys - Association loi 1901","description":"","publisher":{"@id":"https:\/\/productwhys.org\/#organization"},"potentialAction":[{"@type":"SearchAction","target":{"@type":"EntryPoint","urlTemplate":"https:\/\/productwhys.org\/?s={search_term_string}"},"query-input":{"@type":"PropertyValueSpecification","valueRequired":true,"valueName":"search_term_string"}}],"inLanguage":"fr-FR"},{"@type":"Organization","@id":"https:\/\/productwhys.org\/#organization","name":"Product Whys - Association loi 1901","url":"https:\/\/productwhys.org\/","logo":{"@type":"ImageObject","inLanguage":"fr-FR","@id":"https:\/\/productwhys.org\/#\/schema\/logo\/image\/","url":"https:\/\/i0.wp.com\/productwhys.org\/wp-content\/uploads\/2022\/08\/cropped-logov2-site.png?fit=212%2C97&ssl=1","contentUrl":"https:\/\/i0.wp.com\/productwhys.org\/wp-content\/uploads\/2022\/08\/cropped-logov2-site.png?fit=212%2C97&ssl=1","width":212,"height":97,"caption":"Product Whys - Association loi 1901"},"image":{"@id":"https:\/\/productwhys.org\/#\/schema\/logo\/image\/"}}]}},"jetpack_sharing_enabled":true,"_links":{"self":[{"href":"https:\/\/productwhys.org\/index.php\/wp-json\/wp\/v2\/pages\/1494","targetHints":{"allow":["GET"]}}],"collection":[{"href":"https:\/\/productwhys.org\/index.php\/wp-json\/wp\/v2\/pages"}],"about":[{"href":"https:\/\/productwhys.org\/index.php\/wp-json\/wp\/v2\/types\/page"}],"author":[{"embeddable":true,"href":"https:\/\/productwhys.org\/index.php\/wp-json\/wp\/v2\/users\/2"}],"replies":[{"embeddable":true,"href":"https:\/\/productwhys.org\/index.php\/wp-json\/wp\/v2\/comments?post=1494"}],"version-history":[{"count":1,"href":"https:\/\/productwhys.org\/index.php\/wp-json\/wp\/v2\/pages\/1494\/revisions"}],"predecessor-version":[{"id":1495,"href":"https:\/\/productwhys.org\/index.php\/wp-json\/wp\/v2\/pages\/1494\/revisions\/1495"}],"wp:attachment":[{"href":"https:\/\/productwhys.org\/index.php\/wp-json\/wp\/v2\/media?parent=1494"}],"curies":[{"name":"wp","href":"https:\/\/api.w.org\/{rel}","templated":true}]}}