{"id":1512,"date":"2023-03-24T22:32:21","date_gmt":"2023-03-24T21:32:21","guid":{"rendered":"https:\/\/productwhys.org\/?page_id=1512"},"modified":"2023-03-24T22:32:22","modified_gmt":"2023-03-24T21:32:22","slug":"fiche-de-poste-business-analyst","status":"publish","type":"page","link":"https:\/\/productwhys.org\/index.php\/fiche-de-poste-business-analyst\/","title":{"rendered":"Fiche de poste : Business Analyst"},"content":{"rendered":"\n<div class=\"wp-block-columns is-layout-flex wp-container-core-columns-is-layout-9d6595d7 wp-block-columns-is-layout-flex\">\n<div class=\"wp-block-column has-text-color has-background has-link-color wp-elements-2beb9fc1ab7a79a27a84e2036d48e4b4 is-layout-flow wp-block-column-is-layout-flow\" style=\"color:#000000;background-color:#cf822d96;padding-top:2em;padding-right:2em;padding-bottom:2em;padding-left:2em\">\n<h2 class=\"wp-block-heading\" id=\"single\" style=\"font-size:40px\"><strong>Business Analyst<\/strong> <strong>(BA)<\/strong><\/h2>\n\n\n\n<p><strong>La fronti\u00e8re entre le r\u00f4le du Business Analyst et du Product Manager est aussi fine que celle entre le Product Manager et le Product Owner. Le r\u00f4le du Business Analyst (BA) en Product Management est de comprendre les besoins du march\u00e9 et des clients pour aider l&rsquo;\u00e9quipe de Product Management \u00e0 prendre des d\u00e9cisions \u00e9clair\u00e9es sur la direction et les fonctionnalit\u00e9s du produit.<\/strong><\/p>\n\n\n\n<hr class=\"wp-block-separator has-text-color has-css-opacity has-background is-style-wide\" style=\"background-color:#000000;color:#000000\"\/>\n\n\n\n<p>Voici quelques-unes des responsabilit\u00e9s cl\u00e9s d&rsquo;un Business Analyst :<\/p>\n\n\n\n<ul class=\"wp-block-list\">\n<li>Analyser les donn\u00e9es : Le BA est responsable d&rsquo;analyser les donn\u00e9es relatives au march\u00e9, aux clients et aux utilisateurs pour comprendre les tendances et les comportements d&rsquo;achat, et pour identifier les opportunit\u00e9s d&rsquo;am\u00e9lioration et d&rsquo;innovation pour le produit.<\/li>\n\n\n\n<li>Effectuer des \u00e9tudes de march\u00e9 : Le BA est responsable d&rsquo;effectuer des \u00e9tudes de march\u00e9 pour comprendre les besoins et les attentes des clients, ainsi que pour \u00e9valuer la concurrence et les tendances de l&rsquo;industrie.<\/li>\n\n\n\n<li>Cr\u00e9er des sp\u00e9cifications de produit : Le BA travaille avec l&rsquo;\u00e9quipe de Product Management pour cr\u00e9er des sp\u00e9cifications de produit d\u00e9taill\u00e9es, y compris des exigences fonctionnelles et non fonctionnelles, en utilisant les informations recueillies \u00e0 partir de l&rsquo;analyse des donn\u00e9es et des \u00e9tudes de march\u00e9.<\/li>\n\n\n\n<li>D\u00e9velopper des cas d&rsquo;utilisation : Le BA est responsable de d\u00e9velopper des cas d&rsquo;utilisation pour aider l&rsquo;\u00e9quipe de Product Management \u00e0 comprendre comment les clients utiliseront le produit, ainsi que pour aider l&rsquo;\u00e9quipe de d\u00e9veloppement \u00e0 concevoir et \u00e0 tester le produit.<\/li>\n\n\n\n<li>Assurer la qualit\u00e9 des donn\u00e9es : Le BA est responsable d&rsquo;assurer la qualit\u00e9 des donn\u00e9es utilis\u00e9es pour l&rsquo;analyse et la prise de d\u00e9cision, en travaillant avec les \u00e9quipes de donn\u00e9es et d&rsquo;analyse pour s&rsquo;assurer que les donn\u00e9es sont pr\u00e9cises, fiables et compl\u00e8tes.<\/li>\n\n\n\n<li>Communiquer avec les parties prenantes : Le BA est responsable de communiquer r\u00e9guli\u00e8rement avec les parties prenantes, y compris l&rsquo;\u00e9quipe de Product Management, l&rsquo;\u00e9quipe de d\u00e9veloppement, les clients et les utilisateurs, pour s&rsquo;assurer que les besoins et les attentes sont compris et satisfaits.<\/li>\n\n\n\n<li>Participer \u00e0 la planification de la strat\u00e9gie produit : Le BA participe \u00e0 la planification de la strat\u00e9gie produit en aidant l&rsquo;\u00e9quipe de Product Management \u00e0 comprendre les opportunit\u00e9s et les d\u00e9fis li\u00e9s au march\u00e9 et aux clients, et en proposant des solutions pour r\u00e9pondre \u00e0 ces d\u00e9fis.<\/li>\n<\/ul>\n\n\n\n<div class=\"wp-block-buttons alignfull is-horizontal is-content-justification-center is-layout-flex wp-container-core-buttons-is-layout-499968f5 wp-block-buttons-is-layout-flex\"><\/div>\n<\/div>\n<\/div>\n","protected":false},"excerpt":{"rendered":"<p>Business Analyst (BA) La fronti\u00e8re entre le r\u00f4le du Business Analyst et du Product Manager est aussi fine que celle entre le Product Manager et le Product Owner. Le r\u00f4le du Business Analyst (BA) en Product Management est de comprendre les besoins du march\u00e9 et des clients pour aider l&rsquo;\u00e9quipe de Product Management \u00e0 prendre [&hellip;]<\/p>\n","protected":false},"author":2,"featured_media":0,"parent":0,"menu_order":0,"comment_status":"closed","ping_status":"closed","template":"","meta":{"tdm_status":"","tdm_grid_status":"","footnotes":""},"class_list":["post-1512","page","type-page","status-publish"],"yoast_head":"<!-- This site is optimized with the Yoast SEO plugin v27.4 - https:\/\/yoast.com\/product\/yoast-seo-wordpress\/ -->\n<title>Fiche de poste : Business Analyst - Product Whys - Association loi 1901<\/title>\n<meta name=\"robots\" content=\"index, follow, max-snippet:-1, max-image-preview:large, max-video-preview:-1\" \/>\n<link rel=\"canonical\" href=\"https:\/\/productwhys.org\/index.php\/fiche-de-poste-business-analyst\/\" \/>\n<meta property=\"og:locale\" content=\"fr_FR\" \/>\n<meta property=\"og:type\" content=\"article\" \/>\n<meta property=\"og:title\" content=\"Fiche de poste : Business Analyst - Product Whys - Association loi 1901\" \/>\n<meta property=\"og:description\" content=\"Business Analyst (BA) La fronti\u00e8re entre le r\u00f4le du Business Analyst et du Product Manager est aussi fine que celle entre le Product Manager et le Product Owner. Le r\u00f4le du Business Analyst (BA) en Product Management est de comprendre les besoins du march\u00e9 et des clients pour aider l&rsquo;\u00e9quipe de Product Management \u00e0 prendre [&hellip;]\" \/>\n<meta property=\"og:url\" content=\"https:\/\/productwhys.org\/index.php\/fiche-de-poste-business-analyst\/\" \/>\n<meta property=\"og:site_name\" content=\"Product Whys - Association loi 1901\" \/>\n<meta property=\"article:modified_time\" content=\"2023-03-24T21:32:22+00:00\" \/>\n<meta name=\"twitter:card\" content=\"summary_large_image\" \/>\n<meta name=\"twitter:label1\" content=\"Dur\u00e9e de lecture estim\u00e9e\" \/>\n\t<meta name=\"twitter:data1\" content=\"2 minutes\" \/>\n<script type=\"application\/ld+json\" class=\"yoast-schema-graph\">{\"@context\":\"https:\\\/\\\/schema.org\",\"@graph\":[{\"@type\":\"WebPage\",\"@id\":\"https:\\\/\\\/productwhys.org\\\/index.php\\\/fiche-de-poste-business-analyst\\\/\",\"url\":\"https:\\\/\\\/productwhys.org\\\/index.php\\\/fiche-de-poste-business-analyst\\\/\",\"name\":\"Fiche de poste : Business Analyst - Product Whys - Association loi 1901\",\"isPartOf\":{\"@id\":\"https:\\\/\\\/productwhys.org\\\/#website\"},\"datePublished\":\"2023-03-24T21:32:21+00:00\",\"dateModified\":\"2023-03-24T21:32:22+00:00\",\"breadcrumb\":{\"@id\":\"https:\\\/\\\/productwhys.org\\\/index.php\\\/fiche-de-poste-business-analyst\\\/#breadcrumb\"},\"inLanguage\":\"fr-FR\",\"potentialAction\":[{\"@type\":\"ReadAction\",\"target\":[\"https:\\\/\\\/productwhys.org\\\/index.php\\\/fiche-de-poste-business-analyst\\\/\"]}]},{\"@type\":\"BreadcrumbList\",\"@id\":\"https:\\\/\\\/productwhys.org\\\/index.php\\\/fiche-de-poste-business-analyst\\\/#breadcrumb\",\"itemListElement\":[{\"@type\":\"ListItem\",\"position\":1,\"name\":\"Accueil\",\"item\":\"https:\\\/\\\/productwhys.org\\\/\"},{\"@type\":\"ListItem\",\"position\":2,\"name\":\"Fiche de poste : Business Analyst\"}]},{\"@type\":\"WebSite\",\"@id\":\"https:\\\/\\\/productwhys.org\\\/#website\",\"url\":\"https:\\\/\\\/productwhys.org\\\/\",\"name\":\"Product Whys - Association loi 1901\",\"description\":\"\",\"publisher\":{\"@id\":\"https:\\\/\\\/productwhys.org\\\/#organization\"},\"potentialAction\":[{\"@type\":\"SearchAction\",\"target\":{\"@type\":\"EntryPoint\",\"urlTemplate\":\"https:\\\/\\\/productwhys.org\\\/?s={search_term_string}\"},\"query-input\":{\"@type\":\"PropertyValueSpecification\",\"valueRequired\":true,\"valueName\":\"search_term_string\"}}],\"inLanguage\":\"fr-FR\"},{\"@type\":\"Organization\",\"@id\":\"https:\\\/\\\/productwhys.org\\\/#organization\",\"name\":\"Product Whys - Association loi 1901\",\"url\":\"https:\\\/\\\/productwhys.org\\\/\",\"logo\":{\"@type\":\"ImageObject\",\"inLanguage\":\"fr-FR\",\"@id\":\"https:\\\/\\\/productwhys.org\\\/#\\\/schema\\\/logo\\\/image\\\/\",\"url\":\"https:\\\/\\\/i0.wp.com\\\/productwhys.org\\\/wp-content\\\/uploads\\\/2022\\\/08\\\/cropped-logov2-site.png?fit=212%2C97&ssl=1\",\"contentUrl\":\"https:\\\/\\\/i0.wp.com\\\/productwhys.org\\\/wp-content\\\/uploads\\\/2022\\\/08\\\/cropped-logov2-site.png?fit=212%2C97&ssl=1\",\"width\":212,\"height\":97,\"caption\":\"Product Whys - Association loi 1901\"},\"image\":{\"@id\":\"https:\\\/\\\/productwhys.org\\\/#\\\/schema\\\/logo\\\/image\\\/\"}}]}<\/script>\n<!-- \/ Yoast SEO plugin. -->","yoast_head_json":{"title":"Fiche de poste : Business Analyst - Product Whys - Association loi 1901","robots":{"index":"index","follow":"follow","max-snippet":"max-snippet:-1","max-image-preview":"max-image-preview:large","max-video-preview":"max-video-preview:-1"},"canonical":"https:\/\/productwhys.org\/index.php\/fiche-de-poste-business-analyst\/","og_locale":"fr_FR","og_type":"article","og_title":"Fiche de poste : Business Analyst - Product Whys - Association loi 1901","og_description":"Business Analyst (BA) La fronti\u00e8re entre le r\u00f4le du Business Analyst et du Product Manager est aussi fine que celle entre le Product Manager et le Product Owner. Le r\u00f4le du Business Analyst (BA) en Product Management est de comprendre les besoins du march\u00e9 et des clients pour aider l&rsquo;\u00e9quipe de Product Management \u00e0 prendre [&hellip;]","og_url":"https:\/\/productwhys.org\/index.php\/fiche-de-poste-business-analyst\/","og_site_name":"Product Whys - Association loi 1901","article_modified_time":"2023-03-24T21:32:22+00:00","twitter_card":"summary_large_image","twitter_misc":{"Dur\u00e9e de lecture estim\u00e9e":"2 minutes"},"schema":{"@context":"https:\/\/schema.org","@graph":[{"@type":"WebPage","@id":"https:\/\/productwhys.org\/index.php\/fiche-de-poste-business-analyst\/","url":"https:\/\/productwhys.org\/index.php\/fiche-de-poste-business-analyst\/","name":"Fiche de poste : Business Analyst - Product Whys - Association loi 1901","isPartOf":{"@id":"https:\/\/productwhys.org\/#website"},"datePublished":"2023-03-24T21:32:21+00:00","dateModified":"2023-03-24T21:32:22+00:00","breadcrumb":{"@id":"https:\/\/productwhys.org\/index.php\/fiche-de-poste-business-analyst\/#breadcrumb"},"inLanguage":"fr-FR","potentialAction":[{"@type":"ReadAction","target":["https:\/\/productwhys.org\/index.php\/fiche-de-poste-business-analyst\/"]}]},{"@type":"BreadcrumbList","@id":"https:\/\/productwhys.org\/index.php\/fiche-de-poste-business-analyst\/#breadcrumb","itemListElement":[{"@type":"ListItem","position":1,"name":"Accueil","item":"https:\/\/productwhys.org\/"},{"@type":"ListItem","position":2,"name":"Fiche de poste : Business Analyst"}]},{"@type":"WebSite","@id":"https:\/\/productwhys.org\/#website","url":"https:\/\/productwhys.org\/","name":"Product Whys - Association loi 1901","description":"","publisher":{"@id":"https:\/\/productwhys.org\/#organization"},"potentialAction":[{"@type":"SearchAction","target":{"@type":"EntryPoint","urlTemplate":"https:\/\/productwhys.org\/?s={search_term_string}"},"query-input":{"@type":"PropertyValueSpecification","valueRequired":true,"valueName":"search_term_string"}}],"inLanguage":"fr-FR"},{"@type":"Organization","@id":"https:\/\/productwhys.org\/#organization","name":"Product Whys - Association loi 1901","url":"https:\/\/productwhys.org\/","logo":{"@type":"ImageObject","inLanguage":"fr-FR","@id":"https:\/\/productwhys.org\/#\/schema\/logo\/image\/","url":"https:\/\/i0.wp.com\/productwhys.org\/wp-content\/uploads\/2022\/08\/cropped-logov2-site.png?fit=212%2C97&ssl=1","contentUrl":"https:\/\/i0.wp.com\/productwhys.org\/wp-content\/uploads\/2022\/08\/cropped-logov2-site.png?fit=212%2C97&ssl=1","width":212,"height":97,"caption":"Product Whys - Association loi 1901"},"image":{"@id":"https:\/\/productwhys.org\/#\/schema\/logo\/image\/"}}]}},"jetpack_sharing_enabled":true,"_links":{"self":[{"href":"https:\/\/productwhys.org\/index.php\/wp-json\/wp\/v2\/pages\/1512","targetHints":{"allow":["GET"]}}],"collection":[{"href":"https:\/\/productwhys.org\/index.php\/wp-json\/wp\/v2\/pages"}],"about":[{"href":"https:\/\/productwhys.org\/index.php\/wp-json\/wp\/v2\/types\/page"}],"author":[{"embeddable":true,"href":"https:\/\/productwhys.org\/index.php\/wp-json\/wp\/v2\/users\/2"}],"replies":[{"embeddable":true,"href":"https:\/\/productwhys.org\/index.php\/wp-json\/wp\/v2\/comments?post=1512"}],"version-history":[{"count":1,"href":"https:\/\/productwhys.org\/index.php\/wp-json\/wp\/v2\/pages\/1512\/revisions"}],"predecessor-version":[{"id":1513,"href":"https:\/\/productwhys.org\/index.php\/wp-json\/wp\/v2\/pages\/1512\/revisions\/1513"}],"wp:attachment":[{"href":"https:\/\/productwhys.org\/index.php\/wp-json\/wp\/v2\/media?parent=1512"}],"curies":[{"name":"wp","href":"https:\/\/api.w.org\/{rel}","templated":true}]}}